2 + 31*o - 181. Let v be (-80)/(-6) - (-82)/123. What are the prime factors of i(v)?
17, 61
Suppose 5*x = -20, 4*z + 100 = 2*z - 2*x. Let j = z - -46. Suppose j = -y + 133 - 41. What are the prime factors of y?
2, 23
Let u(n) = 5939*n + 118. What are the prime factors of u(6)?
2, 41, 109
Let p(x) = 168*x**2 + 14*x - 79. What are the prime factors of p(-19)?
3, 20101
Suppose 376*w = 147*w + 1045385. List the prime factors of w.
5, 11, 83
Let j = -111 + 115. Suppose 53 - 69 = -j*p. Suppose 0 = -p*i + 422 + 146. What are the prime factors of i?
2, 71
Suppose 5*z = 63 - 48. Suppose -z*d = -41 - 208. List the prime factors of d.
83
Let p = -742 - -755. Suppose 21*a + p*a = 15096. What are the prime factors of a?
2, 3, 37
Let s(n) be the first derivative of -n**3/3 - 17*n**2/2 - 8*n - 24. Let r be 2/5 - 806/65. List the prime factors of s(r).
2, 13
Suppose -125*f + 1490080 = -85*f. What are the prime factors of f?
2, 67, 139
Suppose 9*m = 188 - 125. Let v be (-938)/(-7) + 1*3. Suppose 3*d = v + m. List the prime factors of d.
2, 3
What are the prime factors of ((-1699080)/160)/(6/(-8))?
14159
Suppose -3*z + 98261 = 5*d, 15*d + 9*z - 5*z - 294748 = 0. What are the prime factors of d?
2, 307
Let a = -38 - -40. List the prime factors of 15295/46 - a/4.
2, 83
Let p = -59 - -94. Let l = 201 - p. Suppose o = l + 23. What are the prime factors of o?
3, 7
Suppose 5*t - 10 = -5*g, 2*t - 22 = -4*g - 8. Suppose g*i - 20 = 7*i. Let c(j) = -6*j - 36. What are the prime factors of c(i)?
2, 3
Let g = -40875 - -70523. List the prime factors of g.
2, 17, 109
Suppose 15*j + 424592 = 31*j. List the prime factors of j.
7, 17, 223
Let p be 33/66 + 14/(-4) + 5. List the prime factors of 1 + 3465/9 + p.
2, 97
Let y be ((-9)/(-2) + -4)*-14. Let g(j) = j**3 + 8*j**2 + 7*j + 4. Let s be g(y). Suppose s*c - 754 = -2*q, 2*q + 751 = 4*c + q. List the prime factors of c.
2, 47
Let w be (-216)/(-6*4/32). Suppose 24*y - 8*y - w = 0. List the prime factors of -2 + -2 - (-9)/(y/154).
73
Let r(n) = 14*n - 104. Let o be r(34). What are the prime factors of 5 - (o/1)/(-2)?
191
Suppose d - 4*r = 572, 40*r = -3*d + 37*r + 1686. Suppose 0 = 5*a + 854 - 2839. Let v = d - a. List the prime factors of v.
167
Let b(n) = -1143*n**3 + 2*n - 3. Let m be b(1). Let l = -328 - m. What are the prime factors of l?
2, 3, 17
Suppose 4*y = 0, 3833 = 4*s - 2*y + 829. Suppose -r + 5*d - 516 = 0, 6*r = 3*r - 4*d - 1624. Let q = r + s. List the prime factors of q.
5, 43
Suppose -29974 = -20*h + 324526. What are the prime factors of h?
5, 709
Suppose -l = -3*s - 5755, 13*l = 8*l + 2*s + 28801. List the prime factors of l.
7, 823
Suppose 1412614 - 366074 = 3*u + 41*u. What are the prime factors of u?
5, 67, 71
Let y = 12 - 7. Let j(x) = -x + y*x + 24 - 3*x - 2*x. List the prime factors of j(8).
2
Suppose 4*r + 5*i = r + 151, -2*i = -2*r + 106. Suppose -2*v + 94 = -r. Let u = 170 - v. What are the prime factors of u?
97
Let v(i) = 247*i**2 - 91*i - 25. What are the prime factors of v(-6)?
9413
Let b be ((-3)/(9/382))/((-1)/15). Suppose 105*s + b = 100*s. List the prime factors of (-8)/(-12) - s/3.
2
Let l be -2 - (7461/36 + 9/12). Let c = 328 + l. What are the prime factors of c?
2, 59
Let j(x) = 84*x + 2996. What are the prime factors of j(88)?
2, 7, 53
Let v = -119 + 228. Let m = 113 - v. Suppose -611 = -3*l - 4*n, -m*l + 0*l + 2*n = -844. What are the prime factors of l?
11, 19
Let j(y) = 596*y**2 + 24*y + 3. List the prime factors of j(8).
7, 5477
Let g(h) = 956*h**2 - 47*h + 315. List the prime factors of g(6).
3, 11483
Suppose 215*k = 198*k + 293029. List the prime factors of k.
11, 1567
Suppose 369*f = 184*f + 199*f - 47278. List the prime factors of f.
11, 307
Suppose -5*x - 8339 - 3851 = -2*v, 2*x = -2*v + 12204. List the prime factors of v.
2, 5, 61
Suppose -2*k - t + 42477 = 0, 3*t = 22*k - 17*k - 106231. List the prime factors of k.
2, 13, 19, 43
Let r(c) = 2761*c + 9127. List the prime factors of r(14).
3, 5309
Let f(v) = -v**3 - v - 7. Let c be f(-2). List the prime factors of ((-13)/39)/(c/(-2574)).
2, 11, 13
Suppose 2*m - 4347 = -1347. What are the prime factors of m?
2, 3, 5
Let p = 132 + -70. Let l(r) = -r**3 - 12*r**2 - 6. Let m be l(-12). What are the prime factors of p - 2/m*-9?
59
Let k = 13625 + -1899. List the prime factors of k.
2, 11, 13, 41
Let q(u) = 8*u**3 - 7*u**2 - 5*u + 10. Let z = 484 + -480. What are the prime factors of q(z)?
2, 3, 5, 13
Suppose -480*b = -477*b + 5*p - 21993, 4*b - 29260 = 4*p. What are the prime factors of b?
7321
Let q be (247 - 120/12)/(6/(-8)). Let w = -211 - q. List the prime factors of w.
3, 5, 7
Let g = 3074 - -3311. What are the prime factors of g?
5, 1277
Let w(t) = -t**3 + 5*t**2. Let r be w(5). Suppose -9*u + 8 + 28 = r. List the prime factors of 54/(12/u)*11.
2, 3, 11
List the prime factors of 657*-5*(-52)/30.
2, 3, 13, 73
Suppose 55*y - 56*y = -2*i - 4462, -4*y - i + 17866 = 0. List the prime factors of y.
2, 7, 11, 29
What are the prime factors of 0 - 14 - (-1560 - -240)?
2, 653
Suppose -c - 2 = v, 3*c - v + 1 = v. What are the prime factors of (c/3)/((-6)/(-72)) + 289?
3, 5, 19
Suppose 396010 = 24*f + 17*f - 310256. List the prime factors of f.
2, 3, 11, 29
Let d(b) = 3*b**3 - 23*b**2 + 82*b + 245. List the prime factors of d(31).
13, 17, 317
Suppose 5*c + 0*c = 10. Let n(g) be the first derivative of 75*g**2/2 - 11*g - 2. What are the prime factors of n(c)?
139
Let o(t) = t**3 - 13*t**2 - 25*t - 6. Let i = 673 - 658. List the prime factors of o(i).
3, 23
Let z(y) = -2*y**3 - 4*y**2 - 53*y - 559. List the prime factors of z(-17).
2, 3, 751
Let r = -132 + 55. Let i = r - -176. What are the prime factors of i?
3, 11
Let d be (-147)/49*998/(-6). Suppose -15 = 3*m, -4*p + 5*m = -818 - d. List the prime factors of p.
17, 19
Let h be ((-4)/3)/((-1)/(-6)). Let o(p) = -p + 4. Let z be o(h). Suppose 156 = 3*n + z. List the prime factors of n.
2, 3
Suppose -58*t + 56*t - 5*o + 578 = 0, -1188 = -4*t - 2*o. Suppose -3*z + 6 = -3. Suppose 4*r - t = 2*r + z*b, 2*b = -2. List the prime factors of r.
2, 37
Suppose 3*k + 4*o - 1137 = -278, 2*k - 574 = -4*o. Let w = k + -88. Let v = -45 + w. What are the prime factors of v?
2, 19
Suppose -4*f + w - 2*w = -26305, 0 = 3*f - 2*w - 19715. What are the prime factors of f?
5, 263
Suppose -k - 30314 = -5*w, w + 2*k - 4142 = 1912. Suppose -3*u + w = -0*u + 2*q, -5*u + q + 10099 = 0. List the prime factors of u/14 - (-20)/(-70).
2, 3
Suppose -63*b + 60*b - 5*i + 29145 = 0, 3*b - 3*i - 29193 = 0. What are the prime factors of b?
5, 389
Let b = -197 - -202. Suppose 33*c + 1840 = 38*c + 5*u, 2*c - 730 = -b*u. List the prime factors of c.
2, 5, 37
Let w(b) = -b**3 - 2*b**2 - 5*b - 13. Let u be w(-2). What are the prime factors of u/2 + (-71046)/(-36)?
2, 17, 29
What are the prime factors of (-3102)/2585*(-12355)/3?
2, 7, 353
What are the prime factors of 9 + (9 - 19) - -6643?
2, 3, 41
Suppose 117*m - 2184173 = 1555875 - 968084. What are the prime factors of m?
2, 5923
Let l(t) = 2*t**2 + 17*t - 57. Let p be l(-21). Let z = 286 + p. What are the prime factors of z?
2, 13, 29
Let p(k) = -6*k**3 + 2*k**2 - k + 2. Let w be p(2). Let c = 52 + -20. List the prime factors of c/w*(-275)/2.
2, 5, 11
Let a(k) = -k**2 - k - 2. Let z be a(-3). Let n be 2/(-4) + z/(64/(-12)). Let b(f) = 75*f**3 - f + 1. What are the prime factors of b(n)?
3, 5
Let f = 452 - 452. Suppose -15*x + 33*x - 8406 = f. List the prime factors of x.
467
Suppose 2*l + 2*d - 22 = 0, -2*d - 12 = 4*l - 54. Suppose -l*y + 16*y + 90 = 0. Let r = y + 47. What are the prime factors of r?
2
Let u(h) = 6321*h**2 + 76*h - 141. What are the prime factors of u(2)?
5, 5059
List the prime factors of 58/(-377) - (3 + 0 - (-254750)/(-13)).
3, 7, 311
Suppose d = 2, 2*d = 4*f + f + 4. Suppose 2*r - 5 + 1 = f. Suppose r*w = -3*w + 165. What are the prime factors of w?
3, 11
Let b(x) = 37*x**2 - 15*x + 4. Suppose -21*n = -18*n - 18. What are the prime factors of b(n)?
2, 7, 89
Suppose -4429 + 24549 = 3*d + 4*g, -5*d + 33544 = 4*g. What are the prime factors of d?
2, 839
Suppose -71*u + 68161 = -351946. List the prime factors of u.
61, 97
Let t be ((-9570)/(-7))/2 + 8/(-14). Suppose u - 6*h + h - t = 0, 3*u + 5*h = 1969. What are the prime factors of u?
3, 13, 17
Suppose 139*r - 1